of a and l?
7
Suppose 8 = 2*s + 2*s. Let q be 14/63 - (-1884)/27. Suppose -s*n - 3*n = -q. What is the greatest common factor of n and 35?
7
Let q(w) = -w**2 - 8*w - 6. Let v be q(-6). Let n(k) = k**3 - 3*k**2 - 6*k. Let f be n(v). Calculate the greatest common divisor of 9 and f.
9
Let n(b) = 5 - 3*b - b**3 + 1 + 7*b**2 - 2*b - 4. Let v be n(4). What is the greatest common factor of 45 and v?
15
Let v(y) = 3*y - 1. Suppose -3*m = u - 13, -2*m - 2 = 3*u + 1. Let h be v(m). Calculate the highest common factor of h and 17.
17
Let d be (-2)/(-9) + 1217/(-9). Let j = 201 + d. What is the greatest common factor of j and 6?
6
Suppose 5*a - 2*a - 3 = 0. Let h be (-2)/a - (-188)/4. What is the highest common factor of h and 30?
15
Let h be 4/(-14) + (-9878)/(-77). What is the highest common divisor of h and 32?
32
Let s = 204 - 123. Calculate the highest common factor of s and 18.
9
Suppose 0 = -k + 4*k - 150. What is the greatest common factor of 20 and k?
10
Let r be 6/4 - (-123)/6. What is the highest common factor of 55 and r?
11
Let r = 100 - 28. Suppose -4*m + 44 - 12 = 0. Calculate the highest common divisor of r and m.
8
Suppose 0 = -11*l - 37 + 103. Suppose 4*i - 3*f + 5*f = 154, -4*f - 88 = -3*i. Let q = -18 + i. Calculate the greatest common factor of l and q.
6
Let p = -14 - -52. Suppose -3*b - 59 = -0*b - m, -2*b = -m + p. Let f = b - -32. Calculate the highest common factor of f and 22.
11
Let i(f) = 6*f**2 + 2*f - 1 + 0*f**3 + f**3 + 3*f. Let s be i(-4). Calculate the highest common factor of s and 77.
11
Let r(l) = l**3 + 10*l**2 - l + 1. Let w = 11 + -28. Let a = w + 7. Let q be r(a). What is the greatest common factor of 11 and q?
11
Suppose 0 = -k - 4, -f - 3*k - 13 = 2*k. Suppose -f = -2*q - 3. Suppose r - 6*r + 80 = 0. Calculate the highest common factor of q and r.
2
Let i(p) = -3*p + 29. Let x be i(5). Calculate the greatest common factor of x and 14.
14
Suppose 2*p - 3*p = 0. Suppose -2*j + 49 + 113 = p. Suppose -r - 2*r + 27 = 0. Calculate the highest common factor of r and j.
9
Let w(o) = o**3 + 6*o**2 - 8*o + 5. Let z be w(-7). What is the greatest common factor of z and 12?
12
Let i = 5 - -17. Let o(a) = 3*a**2 + 17*a. Let h be o(-7). Let x = h - 17. Calculate the highest common factor of x and i.
11
Suppose 3*q = 8 - 2, -4 = -2*g + 5*q. Suppose 0 = v + 5*y + 7, -v + 3*y + g = -2. Let m be 81/6 + v/(-2). Calculate the greatest common divisor of m and 96.
12
Let q(y) = -2*y**3 - 3*y**2 - y + 2. Suppose 12 = 4*s, -17 = 4*g + 2*s + 3*s. Let o = g + 6. Let u be q(o). Calculate the highest common factor of 56 and u.
8
Let f = -5 - -14. Let m = 27 - 26. What is the highest common factor of m and f?
1
Let d = 4 - -26. Calculate the greatest common factor of d and 12.
6
Let v(p) = p**2 - 2*p + 7. Let m be (-15)/(-12)*(-2 - 2). Let n be v(m). Suppose 1 - 7 = -o. Calculate the greatest common factor of n and o.
6
Let p = -22 - -15. Let v = p + 10. Let n be (3/(-5))/((-8)/200). Calculate the highest common factor of v and n.
3
Suppose -12 = f - 39. Let n = f + 138. What is the greatest common factor of 15 and n?
15
Suppose -3*g - o = -29, -2*g + 16 = 4*o - 0*o. Suppose g = y - 4. Suppose 2*j - 2*l - y = -l, 0 = l - 2. Calculate the greatest common divisor of 40 and j.
8
Let b = 44 + -8. Let t(u) be the first derivative of u**3/3 + u**2/2 - 1. Let x be t(-4). Calculate the highest common factor of b and x.
12
Suppose 0 = -2*o - y + 92, -4*o - 2*y + 196 = 3*y. Calculate the highest common divisor of 11 and o.
11
Suppose 0 = 2*l + 1 - 19. What is the highest common divisor of 63 and l?
9
Suppose 24 - 122 = -7*c. Let i(l) = -29*l - 2. Let b be i(-2). What is the highest common divisor of b and c?
14
Let g(j) = -j**3 + 7*j**2 + 10*j - 10. Let v = 66 + -123. Let n be (-3)/(v/24 + 2). Let b be g(n). What is the highest common factor of b and 54?
6
Let f be (2 + (2 - -2))*10. What is the highest common divisor of 20 and f?
20
Let k(n) = 25*n**2 + n - 4. Let i be k(3). What is the greatest common divisor of i and 32?
32
Suppose 4*y = -0*y. Suppose -30 = -5*m - y*m. What is the greatest common divisor of 4 and m?
2
Let j(k) = k**2 - 8*k - 11. Let u be j(9). Let y be (-114)/u - (-9 + 10). Suppose 0 = -o + 8 - 0. What is the greatest common divisor of y and o?
8
Suppose -6*z = -4*z - 6. Calculate the highest common factor of z and 4.
1
Let p be 1474/33 + (-3)/(-9). Calculate the highest common factor of 9 and p.
9
Let w(a) = -a**3 + 7*a**2 + 5*a + 8. Let d be w(7). Suppose -5*v + 255 = 3*s, -s + d = -3*v + 182. Calculate the greatest common factor of v and 6.
6
Let d be 1/((-1)/(-8)) - 2. Let r = 3 + -1. Suppose -c + 198 = r*c. Calculate the greatest common divisor of d and c.
6
Let z be 6/(-4)*16/(-6). Let l be (-2)/(z/(-6))*-1. Let s(t) = -4*t + 1. Let j be s(l). Calculate the greatest common divisor of 91 and j.
13
Suppose 249 = 5*w + 4*o - 153, -3*w + 4*o = -254. What is the highest common factor of 41 and w?
41
Let v be 336/30*(-15)/(-2). Suppose 0*r - 2*r + v = 0. What is the highest common factor of r and 28?
14
Let i be (4 + 0)*1 + 2. What is the highest common factor of i and 18?
6
Let c = 5 + 19. Suppose -3*f = -f - c. What is the highest common divisor of 12 and f?
12
Let v = 13 + -3. Suppose 3*x = 4*x - 40. Calculate the highest common factor of v and x.
10
Let l = -2 + -10. Let t be -1 + 5/((-15)/l). Let k be t + (3 - 8) - -23. Calculate the highest common divisor of 7 and k.
7
Suppose 0 = -5*g + 3*l + 168, 4*g - l + 3*l - 152 = 0. Calculate the greatest common factor of g and 6.
6
Suppose -9*f = -4*f - 25. Suppose 3*k - f*k = -6. Suppose a = -2*w + 5*a + 34, -41 = -5*w - a. What is the greatest common divisor of k and w?
3
Let t = 33 + 12. Let o = 20 - 15. Calculate the greatest common divisor of t and o.
5
Suppose -9 + 2 = -7*g. What is the greatest common factor of g and 3?
1
Let u(x) = -2*x**2 - 11*x - 9. Let l be u(-7). Let z be ((-18)/(-5))/((-12)/l). Let a = z - 3. What is the highest common divisor of a and 66?
6
Suppose 3*l = 647 - 227. Suppose 28 + 53 = 3*a - 3*r, -5*a + 137 = -3*r. Calculate the greatest common factor of a and l.
28
Let s = -10 - -20. What is the greatest common factor of s and 5?
5
Let l(v) = 14*v - 68. Let r be l(7). What is the greatest common divisor of 45 and r?
15
Suppose a = -2*a + 3*c + 15, 4*a + c = 5. Suppose 3*g + a*d = 29, 2*g - 9 = -2*d + 9. Calculate the highest common divisor of g and 44.
11
Suppose -50 = -4*r + g, -2*r + 25 + 9 = -5*g. Let x(p) = -5*p**3 + p**2 + p + 1. Let m be x(-1). What is the greatest common divisor of m and r?
6
Let z(s) = 37*s**2 - 1. Let f be z(1). Let j = f + -22. Calculate the greatest common factor of 154 and j.
14
Suppose -21*q = -26*q + 70. Calculate the highest common factor of q and 182.
14
Let q(g) = g**2 - 1. Let j be q(1). Suppose j*f + 5*f + 3*v = 171, -f + 33 = v. What is the highest common factor of f and 12?
12
Let g(c) = c**3 - 5*c**2 - 9*c + 1. Let h be g(7). Calculate the highest common divisor of h and 18.
18
Let q = -14 + 25. Suppose -q - 14 = -5*p. Let k = -33 - -48. What is the highest common factor of k and p?
5
Suppose -88 = -0*v - 4*v. What is the highest common divisor of v and 55?
11
Let x(t) = 197*t**2 + 2*t - 1. Let v be x(1). Suppose 6*a - 127 = -19. Calculate the highest common factor of a and v.
18
Suppose -29 = -5*d + 46. Let a(w) = w**3 + w**2 - 3*w + 4. Let t be a(5). Suppose -41 - t = -4*z. What is the highest common factor of z and d?
15
Let y(h) = 2*h - 6. Let u be y(6). Let f be 14/((4 + -5)/(-10)). Suppose -q + u*q = f. What is the greatest common factor of 28 and q?
28
Let j = -22 - -32. Calculate the highest common divisor of j and 80.
10
Suppose 0 = 6*s - 5 - 115. Calculate the highest common factor of 30 and s.
10
Let w be 4/22 + 1360/22. Let s = -29 + w. Let i be (-12)/(-9)*99/6. Calculate the highest common divisor of i and s.
11
Suppose 2*v + 4*g - 40 = -v, 0 = -v - 5*g + 6. Calculate the highest common divisor of v and 4.
4
Suppose -20 = -5*a - 3*q + 2, a - 5*q = 10. Suppose a*o + 5*b = 25, -4*b + 8 - 4 = 0. Calculate the highest common divisor of 2 and o.
2
Suppose -2*k + 4*x - 12 = 2*k, -2*k - 4 = -4*x. Let q be 5/(-2)*k/1. Suppose 0 = -p + 14 + 11. What is the greatest common factor of p and q?
5
Suppose 0 = f -